520?
True
Does 3 divide 2694?
True
Does 15 divide 352?
False
Is 20 a factor of 88668?
False
Is 5 a factor of 50?
True
Is 38 a multiple of 38?
True
Is 22 a factor of 352?
True
Is 41 a factor of 1230?
True
Is 51569 a multiple of 104?
False
Is 31 a factor of 1395?
True
Does 83 divide 1079?
True
Is 29 a factor of 98194?
True
Is 3486 a multiple of 17?
False
Is 138 a multiple of 18?
False
Is 19 a factor of 1432?
False
Does 57 divide 14307?
True
Is 605 a multiple of 11?
True
Does 60 divide 411?
False
Is 5 a factor of 51?
False
Does 3 divide 2463?
True
Is 6 a factor of 44778?
True
Is 33 a factor of 709?
False
Is 43 a factor of 22403?
True
Does 70 divide 12607?
False
Is 299 even?
False
Does 12 divide 25?
False
Does 24 divide 22104?
True
Does 108 divide 7232?
False
Is 41028 a multiple of 13?
True
Does 62 divide 34937?
False
Is 2196 a multiple of 9?
True
Is 3475 a multiple of 18?
False
Does 6 divide 174?
True
Is 25 a factor of 38525?
True
Is 1668 a multiple of 12?
True
Is 5 a factor of 325?
True
Is 1722 a multiple of 41?
True
Does 35 divide 280?
True
Is 17 a factor of 24516?
False
Is 38 a multiple of 2?
True
Is 7 a factor of 342?
False
Is 587 a multiple of 4?
False
Is 26607 a multiple of 157?
False
Does 176 divide 27456?
True
Is 289 a multiple of 5?
False
Is 32332 a multiple of 118?
True
Is 84812 a multiple of 14?
True
Is 12 a factor of 3075?
False
Is 2140 a multiple of 42?
False
Does 20 divide 927?
False
Is 13 a factor of 78286?
True
Does 6 divide 3846?
True
Is 24 a factor of 8672?
False
Does 4 divide 240?
True
Is 16 a factor of 128?
True
Does 39 divide 33540?
True
Is 17932 a multiple of 112?
False
Is 18 a factor of 288?
True
Does 135 divide 129697?
False
Is 3363 a multiple of 3?
True
Does 51 divide 1173?
True
Does 8 divide 352?
True
Is 2 a factor of 89?
False
Is 1575 a multiple of 21?
True
Does 35 divide 2695?
True
Is 165 a factor of 106095?
True
Is 2 a factor of 139?
False
Is 13 a factor of 23686?
True
Does 17 divide 39899?
True
Does 62 divide 122078?
True
Is 546 a multiple of 3?
True
Does 2 divide 31?
False
Is 984 a multiple of 24?
True
Does 50 divide 2550?
True
Does 10 divide 3827?
False
Is 25902 a multiple of 10?
False
Is 3746 a multiple of 7?
False
Does 15 divide 1500?
True
Does 154 divide 73592?
False
Is 274 a multiple of 20?
False
Does 3 divide 18830?
False
Is 94 a factor of 33840?
True
Is 28 a factor of 7448?
True
Does 4 divide 27516?
True
Does 57 divide 114?
True
Is 8 a factor of 344?
True
Is 9 a factor of 2808?
True
Does 129 divide 3741?
True
Is 7 a factor of 1114?
False
Is 3 a factor of 387?
True
Is 2450 a multiple of 14?
True
Is 6653 a multiple of 19?
False
Does 14 divide 7966?
True
Does 46 divide 3450?
True
Is 17 a factor of 6249?
False
Is 12 a factor of 3509?
False
Is 42 a factor of 1008?
True
Does 40 divide 1394?
False
Is 87 a factor of 6821?
False
Does 17 divide 2346?
True
Is 1046 a multiple of 47?
False
Is 30 a factor of 60?
True
Is 41 a multiple of 16?
False
Does 9 divide 1494?
True
Is 9 a factor of 1403?
False
Is 23 a factor of 346?
False
Does 59 divide 649?
True
Does 36 divide 8496?
True
Is 30 a factor of 1239?
False
Does 4 divide 601?
False
Is 59 a factor of 1910?
False
Does 158 divide 30946?
False
Is 23 a multiple of 6?
False
Is 13944 a multiple of 28?
True
Is 2247 a multiple of 21?
True
Is 10212 a multiple of 37?
True
Is 23 a factor of 644?
True
Is 3584 a multiple of 32?
True
Is 9 a factor of 2556?
True
Does 29 divide 853?
False
Is 10 a factor of 640?
True
Is 30 a factor of 53790?
True
Is 21 a factor of 1721?
False
Is 570 a multiple of 30?
True
Is 291 a multiple of 5?
False
Is 55 a factor of 55?
True
Is 3305 a multiple of 17?
False
Is 6 a factor of 1110?
True
Is 19908 a multiple of 158?
True
Is 178 a multiple of 6?
False
Does 28 divide 1865?
False
Is 3800 a multiple of 95?
True
Is 28 a multiple of 2?
True
Is 1815 a multiple of 55?
True
Is 85 a factor of 10200?
True
Does 152 divide 11856?
True
Is 211 a factor of 39035?
True
Is 44814 a multiple of 7?
True
Is 616 a multiple of 28?
True
Is 33 a factor of 1419?
True
Does 17 divide 277?
False
Is 97 a factor of 75078?
True
Is 27115 a multiple of 29?
True
Does 20 divide 2294?
False
Is 774 a multiple of 11?
False
Does 14 divide 2702?
True
Is 5478 a multiple of 66?
True
Is 5265 a multiple of 10?
False
Is 16 a factor of 1352?
False
Does 3 divide 92?
False
Does 31 divide 775?
True
Is 1757 a multiple of 9?
False
Does 84 divide 17069?
False
Is 89 a factor of 712?
True
Is 12 a factor of 12468?
True
Is 180 a multiple of 18?
True
Is 18 a factor of 3505?
False
Does 6 divide 3256?
False
Is 8436 a multiple of 7?
False
Is 1287 a multiple of 13?
True
Is 1512 a multiple of 6?
True
Is 8 a factor of 10831?
False
Is 14 a factor of 9557?
False
Is 784 a multiple of 10?
False
Is 60 a multiple of 20?
True
Is 177 a factor of 10146?
False
Does 11 divide 4173?
False
Is 30 a factor of 805?
False
Is 387 a factor of 7740?
True
Is 47 a factor of 1504?
True
Does 6 divide 894?
True
Does 17 divide 24871?
True
Is 107811 a multiple of 22?
False
Is 54 a factor of 3510?
True
Does 26 divide 869?
False
Does 46 divide 322?
True
Is 11 a factor of 351?
False
Is 21069 a multiple of 6?
False
Is 8 a factor of 39?
False
Does 108 divide 17172?
True
Does 2 divide 59?
False
Is 25 a factor of 269?
False
Does 9 divide 304?
False
Is 1999 a multiple of 41?
False
Is 2904 a multiple of 11?
True
Is 70 a factor of 2563?
False
Is 1728 a multiple of 288?
True
Is 7 a factor of 894?
False
Is 950 a multiple of 7?
False
Does 7 divide 3647?
True
Is 8546 a multiple of 43?
False
Is 960 a multiple of 16?
True
Is 6995 a multiple of 141?
False
Is 11 a factor of 4664?
True
Does 2 divide 306?
True
Is 288 a multiple of 16?
True
Does 122 divide 1908?
False
Is 90633 a multiple of 369?
False
Is 4 a factor of 1272?
True
Does 10 divide 163?
False
Does 32 divide 992?
True
Does 8 divide 5074?
False
Is 100 a multiple of 23?
False
Is 28 a factor of 709?
False
Does 33 divide 13507?
False
Is 15 a factor of 9150?
True
Is 12621 a multiple of 58?
False
Does 12 divide 9360?
True
Is 95 a factor of 968?
False
Is 468 a multiple of 26?
True
Does 36 divide 9648?
True
Is 4020 a multiple of 15?
True
Does 10 divide 106?
False
Is 20 a factor of 2385?
False
Is 828 a multiple of 9?
True
Does 63 divide 26136?
False
Does 16 divide 73?
False
Is 137 a multiple of 5?
False
Is 2 a factor of 192?
True
Is 12 a factor of 460?
False
Does 102 divide 7548?
True
Is 196 a factor of 6076?
True
Does 87 divide 3045?
True
Is 315 a multiple of 30?
False
Is 7283 a multiple of 52?
False
Is 535 a multiple of 31?
False
Is 25 a factor of 550?
True
Is 243 a factor of 28431?
True
Is 24 a factor of 4674?
False
Does 5 divide 9923?
False
Is 92 a factor of 843?
False
Does 22 divide 3432?
True
Is 100 a factor of 7000?
True
Is 15 a factor of 2100?
True
Does 11 divide 330?
True
Is 11 a factor of 694?
False
Does 5 divide 390?
True
Does 45 divide 5130?
True
Is 258 a multiple of 19?
False
Is 19 a factor of 40656?
False
Does 69 divide 66185?
False
Is 30 a factor of 2363?
False
Is 5 a factor of 1170?
True
Does 63 divide 11972?
False
Does 13 divide 620?
False
Does 203 divide 72674?
True
Is 1182 a multiple of 43?
False
Does 10 divide 1660?
True
Is 34 a factor of 1054?
True
Is 48400 a multiple of 88?
True
Is 2913 a multiple of 86?
False
Is 24026 a multiple of 18?
False
Is 310 a multiple of 62?
True
Is 4875 a multiple of 75?
True
Is 83144 a multiple of 70?
False
Does 10 divide 12838?
False
Is 2523 a multiple of 3?
True
Is 4 a factor of 108?
True
Is 54 a factor of 1050?
False
Does 2 divide 452?
True
Is 400 a multiple of 50?
True
Is 145 a factor of 52635?
True
Is 886 a multiple of 58?
False
Does 40 divide 1505?
False
Does 10 divide 785?
False
Does 12 divide 1584?
True
Is 19080 a multiple of 90?
True
Does 45 divide 2259?
False
Is 19 a factor of 703?
True
Is 1635 a multiple of 3?
True
Is 518 a multiple of 14?
True
Is 16 a factor of 45088?
True
Is 21 a factor of 32673?
False
Is 108 a factor of 1704?
False
Does 30 divide 2033?
False
Is 612 a multiple of 17?
True
Does 8 divide 88?
True
Is 39 a factor of 18681?
True
Is 14 a factor of 18844?
True
Does 30 divide 27240?
True
Does 181 divide 7602?
True
Is 810 a multiple of 6?
True
Is 2955 a multiple of 53?
False
Is 880 a multiple of 3?
False
Is 96 a factor of 33722?
False
Is 18 a 